ghest common factor of r and 9?
9
Let u(a) = -a**3 + 7*a**2 - 7. Let m(r) = -r**2 - 1. Let v(k) = 6*m(k) - u(k). Let w be v(13). What is the greatest common divisor of 5 and w?
1
Let s(r) = -r**3 - 3*r**2 - r - 5. Let y be s(-4). Let v(z) = 9*z + 6 - 2 - 10*z + 2. Let f be v(-9). What is the greatest common factor of f and y?
15
Suppose 0*w + u - 3 = w, 0 = -4*u + 20. Calculate the highest common factor of 2 and w.
2
Let f = 10 - 30. Let m(g) = g**2 - 3*g + 2. Let c be m(4). Let u be (12/(-8))/(c/f). What is the highest common factor of u and 45?
5
Let x(u) = -u**3 + 6*u**2 + 9*u - 2. Let a be x(7). Let n be a/15 + (-1)/(-5). Let o = 7 + -5. Calculate the highest common factor of o and n.
1
Suppose -25 = z - 11. Let v = z + 23. Let c be 4*(-1)/((-6)/v). Calculate the highest common divisor of 48 and c.
6
Let g(o) = -2*o + 4. Let m be g(3). Let z be 0 + 1 + (-1 - m). Suppose 2*p = -z*p + 176. What is the greatest common factor of p and 4?
4
Suppose 0 = 2*b - 33 - 27. Let z = 538 + -208. What is the greatest common divisor of b and z?
30
Let y(s) = s**2 - 6*s - 9. Let x be y(-9). Calculate the highest common factor of 14 and x.
14
Let s = 26 + 30. Calculate the greatest common factor of 504 and s.
56
Let u = 23 + -2. Suppose 0 = -l + 2. Suppose 0 = -5*n + l*n + 21. What is the greatest common factor of u and n?
7
Suppose -3*x = 2*x + z - 323, -122 = -2*x - 4*z. Calculate the highest common divisor of x and 52.
13
Suppose 0 = -3*u, -2*t - 3*u = 3*t - 45. What is the greatest common factor of 36 and t?
9
Suppose 0*j - j - 164 = 0. Let o be j/(-3) + (-3)/(-9). What is the highest common divisor of 22 and o?
11
Let t(a) = a**2 - 4. Let d be t(3). Let s = -12 - -17. Calculate the greatest common factor of d and s.
5
Let i(r) = -r**2 + 17*r + 34. Let v be i(18). What is the highest common factor of v and 64?
16
Let g be (4/(-8))/((-2)/8). Let s be 112/4 + -1*g. Suppose 3*o - 12 = -0*o, -4*o + s = v. What is the greatest common factor of 30 and v?
10
Suppose -5 - 5 = -d. Let h be 1*3 - -2*1. Calculate the highest common divisor of h and d.
5
Let z = -20 - -27. Calculate the greatest common divisor of z and 77.
7
Let u be (-2 - (-2 + 0)) + 4. Suppose m = 5*p - 22, 0 = m + 9*p - 4*p - 28. Suppose f = -m*f + 8. What is the highest common divisor of f and u?
2
Let k = -14 - -18. What is the highest common divisor of 32 and k?
4
Let h = -1 + 1. Let y be -6*(1/(-1) + h). Let v = 8 + -4. Calculate the highest common divisor of v and y.
2
Suppose -5*a + 4 + 26 = 0. Calculate the greatest common factor of 6 and a.
6
Suppose -p = -5*p + 28. Suppose -4*n = f - 301, -f + 25 = 4*f. Suppose d + 5*h - 89 = -p, -d + n = -3*h. What is the highest common divisor of 11 and d?
11
Let v = 22 - 20. What is the greatest common factor of 22 and v?
2
Let f(i) be the third derivative of i**4/12 - 5*i**3/6 - 3*i**2. Let g be f(5). Calculate the greatest common factor of g and 5.
5
Let g(t) = t**3 + 16*t**2 - 38*t - 8. Let f be g(-18). Calculate the highest common factor of 84 and f.
28
Let f(l) = 2*l + 2 + 5*l**2 - 2*l**2 - l**2. Suppose a + 4 = -4*c, -14 = -c - 8*a + 4*a. Let u be f(c). What is the highest common divisor of 24 and u?
6
Let t be 4 + 3*82/6. What is the greatest common factor of 30 and t?
15
Let c = 173 + -119. Calculate the highest common divisor of c and 18.
18
Suppose 4*u - 5*t = 581, 0*t + 573 = 4*u + 3*t. Suppose -1 = -5*c + 79. What is the greatest common divisor of u and c?
16
Let o(m) = 2*m**2 + 7*m - 4. Let c be o(-6). What is the greatest common factor of 26 and c?
26
Let s = -19 + 37. Calculate the highest common factor of 45 and s.
9
Let j(p) = p + 33. Let o be j(4). Calculate the highest common factor of o and 407.
37
Suppose 0 = 2*b - 22 - 2. Calculate the highest common divisor of b and 84.
12
Let o(h) = 11*h + 4. Let i be o(-5). Let a = -18 - i. Calculate the highest common divisor of a and 11.
11
Let l(f) be the third derivative of -f**6/120 + f**5/6 + f**4/2 + 3*f**3/2 - 3*f**2. Let p be l(11). Calculate the greatest common divisor of 8 and p.
4
Suppose 2*w = 134 + 16. Calculate the greatest common divisor of 30 and w.
15
Let o = 243 - 53. What is the highest common divisor of o and 38?
38
Let f be (5 + -2)*5/3. Suppose -8 = -f*d + 52. Suppose 5*v = -0*v + 25, 2*v - 25 = -5*x. What is the greatest common factor of x and d?
3
Let r = 8 + -7. Let a = -144 - -70. Let c be a/(-8) - 2/8. Calculate the highest common divisor of c and r.
1
Suppose 0*p + p = 24. Calculate the highest common factor of 60 and p.
12
Let r(u) = 6*u - 2. Let v be r(1). What is the highest common divisor of v and 4?
4
Let z(w) = -2*w + 8. Let k be z(-5). What is the highest common factor of k and 9?
9
Let i(s) = 16*s**2. Let d = 6 - 5. Let w be i(d). Calculate the greatest common divisor of w and 96.
16
Suppose 205 - 63 = -2*m. Let o = 116 + m. What is the greatest common divisor of o and 15?
15
Let i = -3 + 4. Let a(u) = u**3 + 6*u**2 - 8*u - 4. Let k be a(-7). What is the highest common factor of k and i?
1
Let s(n) = -15*n + 1. Let c be s(-1). Let y(a) = 3*a - 1. Let t be (-1 - -4)/((-5)/(-5)). Let g be y(t). What is the greatest common divisor of g and c?
8
Let t(n) = n + 3. Let o be t(4). Suppose d - u - o = 0, 5*d - 5*u = 2*d + 21. Let l be -3 + 79 - (-1)/1. Calculate the greatest common factor of d and l.
7
Let v be (-1318)/(-8) - 2/(-8). Calculate the highest common factor of v and 15.
15
Let c be (-8)/6*(1 + -4). Let z(k) = -k**3 + 8*k**2 + 3*k - 9. Let y be z(8). Let g = 19 - y. What is the highest common factor of c and g?
4
Let b = 103 - 43. Let o(s) = -s**3 - 14*s**2 - 11*s - 1. Let p be o(-13). Let j be (-32)/(-6)*p/(-6). What is the highest common factor of j and b?
12
Suppose -1 = n - 4. Let c be -1 - 4 - (-18)/3. Calculate the greatest common factor of c and n.
1
Suppose -5*v + 26 = 2*d, 5*v = 3*v - d + 11. Let x(y) = -3 + 4*y + 3. Let a be x(4). What is the greatest common divisor of v and a?
4
Suppose -4*x + 46 = 3*w - 12, 2*x = 5*w - 62. Suppose 0 = 3*n + 3*f - 168, -56 = n - 2*n + 2*f. Calculate the greatest common factor of w and n.
14
Suppose -4*f + 117 = -5*c + 33, f - 3*c - 28 = 0. What is the greatest common divisor of f and 272?
16
Let g(u) = -9*u + 10. Let a be g(-10). What is the greatest common factor of a and 25?
25
Suppose -4*g = -3*g - 20. Calculate the highest common divisor of g and 80.
20
Suppose v + 0*v + 13 = 0. Let z = v + 61. Let n(s) = -s**3 + s**2 + 32. Let d be n(0). What is the highest common divisor of z and d?
16
Let v = -26 - -38. Calculate the greatest common divisor of v and 84.
12
Suppose 14*k - 52 - 60 = 0. Calculate the highest common factor of k and 32.
8
Suppose -4*o - a = -16, 0 = 2*o + a + 3 - 11. Let u be -2*(2 - 1)*-58. Suppose o*k = 404 - u. Calculate the greatest common divisor of k and 8.
8
Let d be 50 + 1 + (6 - 3). What is the greatest common factor of 36 and d?
18
Let j(m) = -5*m - 12. Let g be j(-6). What is the greatest common divisor of 126 and g?
18
Let a(l) = 10*l**2 - l + 1. Let o be a(1). What is the greatest common divisor of o and 10?
10
Let y be 73/5 + 4/10. Let k be ((-4)/3 - -1)*-45. What is the greatest common divisor of k and y?
15
Suppose g - 2*f + 10 = 3*f, 3*f = 4*g - 11. Calculate the greatest common factor of 2 and g.
1
Suppose 6 = -2*g - i, -4*g + 5*i - 26 = -0*g. Let u = 2 + g. Let h be ((-50)/(-20))/((-1)/u). What is the highest common factor of h and 10?
5
Let j(v) = 2*v**2 + v - 5. Let z be j(-7). Let t = -42 + z. Suppose 4*x - t = -2*u - 0*u, 5*x - 76 = -4*u. Calculate the highest common factor of 35 and u.
7
Let h be (-6)/(-12)*14 - (0 + 2). Calculate the greatest common factor of h and 35.
5
Suppose 0 = d - 12 - 1. Let z(w) = -12*w**3 - w**2 - 3*w - 1. Let m be z(-1). Calculate the greatest common divisor of m and d.
13
Suppose 0 = -3*j - 5*u + 33 + 19, 0 = 5*j + 4*u - 91. What is the greatest common factor of j and 76?
19
Let u(r) = 6*r**2 + 2*r - 4. Let s be u(2). Calculate the highest common factor of s and 8.
8
Let o(v) = v**2 - 2. Let i be (3/(-2))/((-2)/(-8)). Let c be o(i). Calculate the greatest common divisor of c and 85.
17
Let s = -41 + 135. Suppose -h - 20 = -m, -m = 4*m - 2*h - s. What is the highest common divisor of 54 and m?
18
Suppose 0*u - 468 = -4*u. Let m be ((-